alse
Is 2494421 a composite number?
False
Is 585329 composite?
True
Is 196938799 a prime number?
False
Is 10119553 a composite number?
False
Is 86251547 prime?
True
Is 4557547 a prime number?
False
Is 2996273 composite?
True
Is 4639567 a prime number?
False
Is 82237501 prime?
True
Is 2046445 prime?
False
Is 46022039 prime?
False
Is 55412561 a composite number?
False
Is 5452327 a composite number?
False
Is 69631 composite?
True
Is 1041059 a prime number?
False
Is 5512543 composite?
True
Is 12299341 composite?
True
Is 113379787 prime?
False
Is 126152007 prime?
False
Is 3869531 a composite number?
True
Is 48033903 composite?
True
Is 2597897 a composite number?
False
Is 692131 a prime number?
False
Is 434481557 a prime number?
False
Is 9205387 a composite number?
True
Is 4921453 prime?
True
Is 483919 composite?
True
Is 2099589 composite?
True
Is 116550277 a composite number?
False
Is 84676101 a prime number?
False
Is 3840523 a composite number?
False
Is 3831379 a composite number?
False
Is 6307739 composite?
False
Is 29764591 a composite number?
False
Is 17445497 a prime number?
True
Is 20765 a prime number?
False
Is 1347565 prime?
False
Is 277129 composite?
True
Is 21186911 prime?
True
Is 23998393 a prime number?
False
Is 33982618 prime?
False
Is 260476709 composite?
False
Is 16989631 composite?
False
Is 221853 prime?
False
Is 11472691 prime?
False
Is 2296381 prime?
True
Is 22332601 a composite number?
True
Is 729779 a composite number?
False
Is 6752909 prime?
True
Is 4286671 a composite number?
True
Is 17132558 prime?
False
Is 797711 composite?
False
Is 526933 prime?
False
Is 9236467 composite?
True
Is 11236037 a composite number?
False
Is 5641747 prime?
False
Is 2654021 a composite number?
False
Is 4331267 prime?
True
Is 4075091 composite?
False
Is 2203993 a composite number?
True
Is 3583743 composite?
True
Is 654102413 composite?
True
Is 13934069 a composite number?
False
Is 70352219 composite?
True
Is 16227011 a composite number?
False
Is 5473067 a composite number?
False
Is 6501349 prime?
True
Is 67456751 a prime number?
True
Is 370526513 prime?
False
Is 23036485 a composite number?
True
Is 25669073 composite?
False
Is 11970877 a prime number?
True
Is 53417269 a prime number?
False
Is 19811773 a composite number?
True
Is 351439277 a prime number?
False
Is 19597003 a composite number?
False
Is 11594243 a prime number?
True
Is 6805277 a composite number?
True
Is 286881965 prime?
False
Is 266262949 composite?
True
Is 34486409 a composite number?
False
Is 129418613 prime?
False
Is 11726047 a composite number?
False
Is 158518157 a prime number?
False
Is 2753837 prime?
False
Is 1181039 a prime number?
True
Is 7486799 composite?
True
Is 5927465 composite?
True
Is 257707 prime?
True
Is 16043011 a prime number?
False
Is 2390203 a composite number?
True
Is 129111553 a prime number?
True
Is 51955529 a composite number?
True
Is 1823117 composite?
False
Is 754683 a prime number?
False
Is 4227206 a composite number?
True
Is 6028391 prime?
False
Is 45290857 prime?
True
Is 277160777 composite?
False
Is 81608357 a prime number?
True
Is 16911227 a composite number?
False
Is 402232814 a composite number?
True
Is 3967913 a prime number?
True
Is 6530203 a composite number?
False
Is 14420033 a composite number?
True
Is 318479 prime?
False
Is 9966367 a prime number?
True
Is 63553099 a prime number?
True
Is 1006474301 prime?
False
Is 13642867 composite?
True
Is 65818969 a composite number?
False
Is 762077 prime?
False
Is 52079273 a composite number?
True
Is 360774353 a composite number?
False
Is 880001 a composite number?
False
Is 10798642 prime?
False
Is 318823 a composite number?
False
Is 125352203 composite?
True
Is 7287767 a prime number?
True
Is 11197 a prime number?
True
Is 327766645 composite?
True
Is 42847901 prime?
False
Is 64531267 a prime number?
True
Is 29059391 prime?
False
Is 71935537 a prime number?
True
Is 6607691 a prime number?
False
Is 365836111 prime?
False
Is 615193 prime?
False
Is 29272323 a prime number?
False
Is 69685139 composite?
True
Is 414345587 composite?
False
Is 7784485 prime?
False
Is 4363049 a composite number?
False
Is 4153 prime?
True
Is 505966217 composite?
False
Is 3259639 a composite number?
False
Is 28017263 prime?
True
Is 303166951 prime?
False
Is 68311 a prime number?
True
Is 3738655 composite?
True
Is 27587953 a prime number?
False
Is 92201 a composite number?
True
Is 11392277 composite?
True
Is 58188539 a composite number?
False
Is 849313041 a prime number?
False
Is 19252999 a prime number?
False
Is 365646647 a prime number?
True
Is 13983641 a composite number?
True
Is 9216689 a composite number?
False
Is 12770651 composite?
False
Is 1864099295 a prime number?
False
Is 44351 composite?
False
Is 6568678 a prime number?
False
Is 2242985 composite?
True
Is 29942957 a prime number?
False
Is 168508495 prime?
False
Is 275167171 composite?
False
Is 5436817 a composite number?
True
Is 386823247 a prime number?
True
Is 599153 prime?
True
Is 5367289 a prime number?
False
Is 10275179 a composite number?
True
Is 86359939 composite?
False
Is 27175147 composite?
False
Is 165059981 prime?
False
Is 36338857 a prime number?
False
Is 11450669 prime?
True
Is 603799 a composite number?
True
Is 12298085 a prime number?
False
Is 7241891 a composite number?
False
Is 43292065 composite?
True
Is 361175263 a prime number?
True
Is 13338313 prime?
True
Is 429041 a composite number?
True
Is 170337754 a composite number?
True
Is 81418669 a composite number?
True
Is 108734797 a prime number?
False
Is 438866 a prime number?
False
Is 1230600691 a prime number?
False
Is 9751747 a prime number?
False
Is 3042059 composite?
False
Is 7909813 prime?
False
Is 3389069 prime?
False
Is 50260927 a prime number?
False
Is 2370527 a composite number?
True
Is 146613277 a prime number?
False
Is 2280767 a prime number?
True
Is 20709079 a prime number?
True
Is 12727643 a prime number?
True
Is 26261531 a prime number?
False
Is 171063049 a composite number?
False
Is 667347991 a composite number?
True
Is 2600383 composite?
False
Is 6104519 a prime number?
False
Is 37912877 a prime number?
True
Is 17771317 prime?
True
Is 222456197 prime?
True
Is 511496989 composite?
False
Is 5728651 a composite number?
False
Is 6495067 prime?
True
Is 4245541 a composite number?
False
Is 11606423 prime?
True
Is 129169 composite?
False
Is 10777841 a composite number?
True
Is 506931337 composite?
True
Is 27882373 a prime number?
True
Is 47889019 composite?
False
Is 13256137 prime?
True
Is 8926721 prime?
True
Is 30311473 a prime number?
False
Is 753168253 a composite number?
True
Is 401239 composite?
True
Is 901223 a composite number?
True
Is 4881221 composite?
True
Is 16951709 prime?
True
Is 65660107 a prime number?
True
Is 2746379 a composite number?
False
Is 339715567 composite?
False
Is 948371 a composite number?
True
Is 192441289 prime?
False
Is 171035783 prime?
False
Is 61833973 composite?
True
Is 34663721 composite?
False
Is 7293721 a prime number?
False
Is 103549 a prime number?
True
Is 116507557 prime?
True
Is 22550089 composite?
False
Is 52667 a composite number?
False
Is 6091843 a prime number?
True
Is 23005517 a prime number?
True
Is 7695407 prime?
False
Is 118643909 a composite number?
False
Is 12258979 prime?
False
Is 26559529 a composite number?
True
Is 140605841 a composite number?
False
Is 133909673 prime?
False
Is 13316001 a prime number?
False
Is 26028757 composite?
False
Is 20208959 a composite number?
False
Is 76079389 prime?
True
Is 3183319 composite?
False
Is 32537881 a prime number?
False
Is 370282019 a prime number?
True
Is 25738943 prime?
True
Is 1404763 a composite number?
False
Is 188833591 a prime number?
True
Is 305473577 composite?
False
Is 4054591 a prime number?
True
Is 449955789 composite?
True
Is 329173 composite?
True
Is 91637093 a composite number?
False
Is 140229314 a composite number?
True
Is 77463319 prime?
False
Is 79452791 composite?
True
Is 506063 composite?
True
Is 1720955945 a composite number?
True
Is 68370023 composite?
True
Is 1839689 a composite number?
True
Is 271307 composite?
True
Is 1088729 prime?
False
Is 8679035 composite?
True
Is 13986421 prime?
False
Is 85462747 a prime number?
True
Is 117799 composite?
True
Is 85906697 prime?
False
Is 